igit of 3304533438?
4
What is the ten millions digit of 3861851516?
6
What is the ten millions digit of 25837427?
2
What is the tens digit of 7372292100?
0
What is the hundred thousands digit of 1720582748?
5
What is the thousands digit of 30843735?
3
What is the ten thousands digit of 532392165?
9
What is the ten millions digit of 992272821?
9
What is the ten millions digit of 81101128?
8
What is the millions digit of 285920530?
5
What is the ten thousands digit of 1526583394?
8
What is the ten millions digit of 38426100?
3
What is the tens digit of 4092988324?
2
What is the thousands digit of 98038788?
8
What is the units digit of 6204287?
7
What is the ten thousands digit of 6597828?
9
What is the tens digit of 48125958?
5
What is the thousands digit of 8572214?
2
What is the thousands digit of 8272712365?
2
What is the hundreds digit of 2993713639?
6
What is the ten millions digit of 3209261693?
0
What is the millions digit of 133332752?
3
What is the hundred millions digit of 2352053812?
3
What is the tens digit of 80400985?
8
What is the tens digit of 90773944?
4
What is the tens digit of 33102003?
0
What is the tens digit of 5231936057?
5
What is the millions digit of 273909195?
3
What is the units digit of 3069751254?
4
What is the hundred thousands digit of 1443183993?
1
What is the thousands digit of 186854140?
4
What is the ten thousands digit of 1681156157?
5
What is the units digit of 63676758?
8
What is the ten millions digit of 1037361713?
3
What is the ten millions digit of 857455493?
5
What is the tens digit of 842546847?
4
What is the units digit of 890169977?
7
What is the ten thousands digit of 136978913?
7
What is the ten millions digit of 231803477?
3
What is the hundred millions digit of 256875635?
2
What is the hundred millions digit of 475019653?
4
What is the hundreds digit of 412978989?
9
What is the tens digit of 277158327?
2
What is the thousands digit of 7904808?
4
What is the millions digit of 3064040868?
4
What is the hundreds digit of 334207052?
0
What is the millions digit of 3260124?
3
What is the hundred thousands digit of 93096728?
0
What is the thousands digit of 27050?
7
What is the ten millions digit of 1509211080?
0
What is the millions digit of 414692627?
4
What is the hundred thousands digit of 1797336369?
3
What is the thousands digit of 220457410?
7
What is the hundred millions digit of 291673925?
2
What is the millions digit of 9521555?
9
What is the hundred millions digit of 3296532750?
2
What is the tens digit of 97224750?
5
What is the tens digit of 81285456?
5
What is the millions digit of 64361603?
4
What is the tens digit of 2521360478?
7
What is the thousands digit of 235535844?
5
What is the millions digit of 45499739?
5
What is the thousands digit of 321608957?
8
What is the hundred millions digit of 354355653?
3
What is the millions digit of 1335284957?
5
What is the millions digit of 639539103?
9
What is the hundreds digit of 176897920?
9
What is the hundreds digit of 970320808?
8
What is the units digit of 697899404?
4
What is the millions digit of 31092283?
1
What is the hundred thousands digit of 3198724087?
7
What is the hundred thousands digit of 46914765?
9
What is the units digit of 1650671110?
0
What is the thousands digit of 256778145?
8
What is the hundreds digit of 136058924?
9
What is the hundred thousands digit of 138538328?
5
What is the hundreds digit of 49790655?
6
What is the ten thousands digit of 65779958?
7
What is the units digit of 10914535?
5
What is the thousands digit of 183498254?
8
What is the ten millions digit of 31444956?
3
What is the tens digit of 82487601?
0
What is the ten millions digit of 125393932?
2
What is the thousands digit of 31709548?
9
What is the thousands digit of 49620873?
0
What is the ten millions digit of 203506131?
0
What is the ten thousands digit of 44473520?
7
What is the ten millions digit of 4012626469?
1
What is the ten millions digit of 1031604225?
3
What is the tens digit of 797531238?
3
What is the hundred millions digit of 2523118845?
5
What is the hundred millions digit of 1486814448?
4
What is the hundred millions digit of 438567020?
4
What is the ten millions digit of 142347375?
4
What is the hundred thousands digit of 4675278729?
2
What is the ten millions digit of 10245463?
1
What is the units digit of 15120500?
0
What is the units digit of 354420857?
7
What is the millions digit of 316347790?
6
What is the hundred thousands digit of 608295589?
2
What is the hundred thousands digit of 5931771429?
7
What is the hundreds digit of 123348067?
0
What is the hundreds digit of 703106533?
5
What is the hundred thousands digit of 12421926?
4
What is the tens digit of 36458391?
9
What is the tens digit of 93431503?
0
What is the units digit of 80127948?
8
What is the units digit of 25904404?
4
What is the thousands digit of 91172165?
2
What is the millions digit of 1202402144?
2
What is the ten millions digit of 103517890?
0
What is the units digit of 171570701?
1
What is the ten thousands digit of 676339097?
3
What is the hundred thousands digit of 461783644?
7
What is the hundred thousands digit of 133665126?
6
What is the ten millions digit of 85064118?
8
What is the hundred thousands digit of 55523476?
5
What is the units digit of 97646080?
0
What is the hundred millions digit of 386936762?
3
What is the hundreds digit of 5942644389?
3
What is the tens digit of 2211870786?
8
What is the thousands digit of 967953124?
3
What is the hundreds digit of 243709683?
6
What is the units digit of 118836463?
3
What is the hundreds digit of 3237551390?
3
What is the ten millions digit of 787510532?
8
What is the hundreds digit of 872987895?
8
What is the units digit of 36102269?
9
What is the hundred millions digit of 1823732669?
8
What is the millions digit of 565066063?
5
What is the millions digit of 155599822?
5
What is the hundred millions digit of 427714323?
4
What is the ten thousands digit of 349836047?
3
What is the hundred millions digit of 333967801?
3
What is the billions digit of 3255313449?
3
What is the units digit of 79211688?
8
What is the units digit of 394710393?
3
What is the units digit of 54074358?
8
What is the hundred millions digit of 515896930?
5
What is the ten thousands digit of 1218346171?
4
What is the hundreds digit of 3385015816?
8
What is the billions digit of 1829037344?
1
What is the thousands digit of 497412174?
2
What is the billions digit of 2584979211?
2
What is the thousands digit of 1168254584?
4
What is the hundreds digit of 587156266?
2
What is the tens digit of 113064626?
2
What is the hundred millions digit of 1729537486?
7
What is the ten millions digit of 209121703?
0
What is the ten millions digit of 123911744?
2
What is the ten thousands digit of 516137419?
3
What is the billions digit of 1607420529?
1
What is the thousands digit of 112569072?
9
What is the ten thousands digit of 1561030580?
3
What is the thousands digit of 64259305?
9
What is the hundreds digit of 13074924?
9
What is the hundred thousands digit of 510620940?
6
What is the units digit of 5902430145?
5
What is the ten millions digit of 4499226105?
9
What is the thousands digit of 56645011?
5
What is the ten thousands digit of 278876537?
7
What is the tens digit of 50426422?
2
What is the hundreds digit of 679793351?
3
What is the units digit of 347589239?
9
What is the ten thousands digit of 128137673?
3
What is the billions digit of 3350858691?
3
What is the hundred thousands digit of 1973347?
9
What is the ten thousands digit of 73889954?
8
What is the hundred thousands digit of 1334783523?
7
What is the tens digit of 4704432795?
9
What is the hundred millions digit of 3058173856?
0
What is the hundreds digit of 394663094?
0
What is the hundred thousands digit of 453162271?
1
What is the hundreds digit of 638451394?
3
What is the thousands digit of 1109422001?
2
What is the hundreds digit of 8394449?
4
What is the hundreds digit of 2403992569?
5
What is the millions digit of 55486632?
5
What is the tens digit of 700357742?
4
What is the ten millions digit of 2419852181?
1
What is the hundreds digit of 44218526?
5
What is the millions digit of 283657070?
3
What is the ten millions digit of 523356607?
2
What is the hundre